ighest common divisor of 114 and 228.
114
Calculate the highest common factor of 552 and 6808.
184
Calculate the greatest common factor of 198 and 162.
18
Calculate the greatest common factor of 832 and 221.
13
Calculate the highest common divisor of 9118 and 376.
94
What is the greatest common factor of 103 and 1957?
103
What is the highest common divisor of 172 and 387?
43
What is the highest common divisor of 204 and 2220?
12
What is the highest common factor of 63 and 21987?
63
Calculate the highest common factor of 357 and 126.
21
Calculate the greatest common divisor of 1463 and 6251.
133
Calculate the highest common factor of 21021 and 154.
77
What is the highest common divisor of 357 and 1020?
51
What is the highest common divisor of 57 and 1311?
57
Calculate the highest common factor of 1685 and 1011.
337
Calculate the greatest common divisor of 87 and 3.
3
Calculate the greatest common factor of 13 and 247.
13
Calculate the highest common divisor of 57 and 3819.
57
What is the highest common factor of 9686 and 232?
58
What is the highest common factor of 18 and 138?
6
What is the greatest common factor of 26048 and 22?
22
Calculate the highest common factor of 2336 and 24.
8
Calculate the highest common factor of 1376 and 129.
43
What is the highest common divisor of 12849 and 3?
3
Calculate the greatest common divisor of 1584 and 110.
22
Calculate the highest common divisor of 548 and 42.
2
What is the greatest common factor of 64 and 512?
64
Calculate the highest common factor of 32 and 1544.
8
Calculate the greatest common factor of 93 and 33.
3
Calculate the greatest common factor of 24 and 26436.
12
Calculate the highest common divisor of 5321 and 17.
17
What is the highest common divisor of 18 and 480?
6
Calculate the greatest common factor of 782 and 340.
34
What is the highest common divisor of 10 and 4090?
10
Calculate the greatest common factor of 1656 and 120.
24
What is the highest common factor of 416 and 1612?
52
What is the highest common factor of 222 and 6?
6
What is the highest common factor of 54 and 2736?
18
What is the greatest common divisor of 128 and 1664?
128
What is the greatest common factor of 44 and 2684?
44
Calculate the highest common factor of 2112 and 44.
44
Calculate the highest common divisor of 186 and 3.
3
Calculate the greatest common factor of 10 and 310.
10
What is the highest common factor of 84 and 42?
42
Calculate the highest common divisor of 238 and 14.
14
What is the greatest common factor of 1142 and 2?
2
What is the greatest common factor of 16 and 940?
4
Calculate the highest common divisor of 230 and 120.
10
What is the greatest common factor of 408 and 36?
12
What is the highest common divisor of 15 and 490?
5
What is the highest common divisor of 98 and 1568?
98
What is the greatest common factor of 1 and 303?
1
Calculate the highest common divisor of 30 and 1155.
15
Calculate the highest common divisor of 29 and 261.
29
Calculate the highest common factor of 17 and 10421.
17
Calculate the highest common divisor of 48 and 4.
4
What is the greatest common factor of 26 and 9256?
26
Calculate the greatest common factor of 90 and 230.
10
What is the highest common factor of 15 and 2120?
5
Calculate the greatest common divisor of 3410 and 242.
22
Calculate the greatest common factor of 16 and 22.
2
What is the highest common divisor of 52 and 78?
26
Calculate the greatest common factor of 3514 and 28.
14
Calculate the highest common divisor of 369 and 82.
41
Calculate the highest common factor of 19952 and 16.
16
Calculate the highest common divisor of 131 and 1310.
131
What is the highest common divisor of 14276 and 43?
43
What is the highest common factor of 7020 and 52?
52
Calculate the greatest common factor of 60 and 1050.
30
Calculate the greatest common factor of 252 and 1484.
28
Calculate the highest common divisor of 63 and 63.
63
What is the greatest common factor of 2259 and 9?
9
What is the greatest common divisor of 7 and 2681?
7
What is the greatest common factor of 12 and 894?
6
Calculate the highest common divisor of 42 and 3430.
14
Calculate the greatest common divisor of 27 and 216.
27
Calculate the highest common divisor of 132 and 12.
12
Calculate the highest common factor of 12 and 102.
6
What is the greatest common factor of 732 and 24?
12
Calculate the greatest common factor of 90 and 2190.
30
Calculate the highest common divisor of 2132 and 936.
52
What is the greatest common divisor of 1007 and 53?
53
Calculate the highest common divisor of 432 and 384.
48
What is the highest common divisor of 96 and 60?
12
Calculate the highest common divisor of 5136 and 96.
48
What is the greatest common divisor of 108 and 3876?
12
What is the greatest common factor of 69 and 3?
3
Calculate the greatest common divisor of 64 and 448.
64
What is the highest common divisor of 987 and 47?
47
Calculate the greatest common factor of 56 and 266.
14
What is the highest common factor of 1495 and 3680?
115
What is the greatest common factor of 180 and 40?
20
Calculate the greatest common factor of 66 and 264.
66
What is the highest common factor of 3320 and 40?
40
What is the highest common divisor of 58 and 290?
58
What is the greatest common factor of 169 and 2?
1
Calculate the highest common divisor of 92 and 69.
23
What is the greatest common divisor of 275 and 220?
55
What is the greatest common divisor of 40 and 25?
5
Calculate the highest common factor of 22591 and 41.
41
Calculate the greatest common factor of 143 and 104.
13
What is the highest common divisor of 60 and 105?
15
Calculate the highest common factor of 8160 and 15.
15
Calculate the highest common divisor of 189 and 42.
21
Calculate the highest common divisor of 918 and 2430.
54
Calculate the highest common factor of 56 and 721.
7
What is the highest common factor of 330 and 18590?
110
What is the greatest common factor of 6 and 882?
6
Calculate the highest common factor of 749 and 7.
7
Calculate the highest common factor of 3472 and 1085.
217
What is the greatest common divisor of 10 and 310?
10
What is the highest common divisor of 6736 and 48?
16
What is the greatest common divisor of 3712 and 29?
29
Calculate the greatest common factor of 105 and 24640.
35
Calculate the highest common factor of 62 and 62.
62
What is the greatest common factor of 26 and 78?
26
What is the greatest common divisor of 82 and 1271?
41
Calculate the highest common divisor of 434 and 49.
7
What is the highest common divisor of 38 and 76?
38
What is the greatest common factor of 42 and 150?
6
Calculate the highest common factor of 36 and 84.
12
Calculate the highest common divisor of 66 and 2937.
33
What is the highest common divisor of 128 and 664?
8
Calculate the greatest common divisor of 1001 and 91.
91
Calculate the highest common factor of 9260 and 20.
20
What is the highest common divisor of 28 and 3038?
14
What is the greatest common factor of 12 and 60?
12
What is the highest common factor of 1855 and 35?
35
Calculate the greatest common factor of 70638 and 366.
366
What is the highest common divisor of 97 and 2?
1
What is the highest common factor of 513 and 81?
27
What is the greatest common factor of 32 and 200?
8
What is the highest common divisor of 261 and 216?
9
What is the greatest common divisor of 184 and 1564?
92
Calculate the highest common factor of 371 and 53.
53
What is the greatest common divisor of 174 and 1479?
87
Calculate the greatest common divisor of 174 and 12.
6
Calculate the greatest common divisor of 784 and 48.
16
Calculate the highest common factor of 48392 and 184.
184
Calculate the greatest common divisor of 1 and 504.
1
What is the greatest common divisor of 26 and 559?
13
Calculate the highest common divisor of 19 and 361.
19
Calculate the greatest common divisor of 18 and 150.
6
What is the greatest common factor of 6 and 726?
6
What is the greatest common divisor of 235 and 564?
47
Calculate the greatest common factor of 80 and 30.
10
Calculate the greatest common factor of 550 and 2486.
22
What is the highest common factor of 50 and 200?
50
Calculate the greatest common factor of 16 and 44.
4
Calculate the highest common divisor of 36 and 810.
18
What is the greatest common divisor of 39 a